{"id":18,"date":"2021-03-19T08:19:02","date_gmt":"2021-03-19T11:19:02","guid":{"rendered":"http:\/\/192.168.10.125\/cipolletti\/cdcipolletti\/wp\/?page_id=18"},"modified":"2026-03-11T12:17:50","modified_gmt":"2026-03-11T15:17:50","slug":"autoridades","status":"publish","type":"page","link":"https:\/\/www.cdcipolletti.gob.ar\/?page_id=18","title":{"rendered":"Autoridades"},"content":{"rendered":"<p><img loading=\"lazy\" class=\"alignnone size-medium wp-image-177\" src=\"https:\/\/www.cdcipolletti.gob.ar\/wp-content\/uploads\/2024\/02\/1-karina.png\" alt=\"\" width=\"300\" height=\"199\" \/><\/p>\n<h5><strong> Presidenta del Concejo Deliberante<\/strong><\/h5>\n<h5>\u00a0\u00a0\u00a0\u00a0Karina E. \u00c1lvarez<\/h5>\n<ul>\n<li style=\"list-style: none;\">\n<div style=\"text-align: justify;\">&#8220;Cipole\u00f1a, madre de Martina y Francisco. Dediqu\u00e9 gran parte de mi vida al trabajo en el sector privado. Soy presidenta de un Club de F\u00fatbol en el que le brindamos contenci\u00f3n a cientos de chicos. Tom\u00e9 la decisi\u00f3n de comprometerme m\u00e1s con la comunidad de Cipo e involucrarme m\u00e1s activamente con los vecinos porque estoy convencida de que el cambio es desde adentro. Por eso desde mi lugar de Presidenta del Concejo buscar\u00e9 un mejor futuro para Cipolletti&#8221;.<\/div>\n<\/li>\n<\/ul>\n<ul>\n<li style=\"list-style: none;\">Email: presconcejodeliberantecipo@gmail.com<\/li>\n<\/ul>\n<p><img loading=\"lazy\" class=\"alignnone size-medium wp-image-179\" src=\"https:\/\/www.cdcipolletti.gob.ar\/wp-content\/uploads\/2024\/02\/2-adriana.png\" alt=\"\" width=\"300\" height=\"199\" \/><\/p>\n<h5><strong> Vicepresidente 1\u00ba del Concejo Deliberante<\/strong><\/h5>\n<h5>\u00a0\u00a0\u00a0\u00a0Adriana Dietrich<\/h5>\n<ul>\n<li style=\"list-style: none;\">\n<div style=\"text-align: justify;\">&#8220;Soy nacida y criada en Cipolletti. Madre de un adolescente. Profesora de Nivel Inicial, Licenciada en Psicomotricidad y Especialista en desarrollo infantil temprano. Dedicada en el \u00e1mbito de la salud a trabajar con personas con discapacidad. Tengo a mi cargo la Direcci\u00f3n de Infancias y Adolescencia Saludable , un trabajo que promueve salud. Ser Concejal implica para m\u00ed contribuir a un Cipolletti m\u00e1s sano, justo y equitativo&#8221;.<\/div>\n<\/li>\n<\/ul>\n<ul>\n<li style=\"list-style: none;\">Email: adrianadietrich@gmail.com<\/li>\n<\/ul>\n<p><img loading=\"lazy\" class=\"alignnone size-medium wp-image-179\" src=\"https:\/\/www.cdcipolletti.gob.ar\/wp-content\/uploads\/2024\/02\/3-anamaria.png\" alt=\"\" width=\"300\" height=\"199\" \/><\/p>\n<h5><strong> Vicepresidente 2\u00ba del Concejo Deliberante<\/strong><\/h5>\n<h5>\u00a0\u00a0\u00a0\u00a0Ana Mar\u00eda N\u00e1poli<\/h5>\n<ul>\n<li style=\"list-style: none;\">\n<div style=\"text-align: justify;\">&#8220;Nacida en Cipolletti, me he desarrollado profesionalmente como Contadora P\u00fablica Nacional. Soy casada, con dos hijos y cuatro nietos. Descendiente de inmigrantes que se establecieron en la ciudad como productores frut\u00edcolas, actividad con la que estuve relacionada hasta hace poco. Mi objetivo como Concejal es estar en contacto permanente con los vecinos y mejorar la calidad de vida de los cipole\u00f1os&#8221;.<\/div>\n<\/li>\n<\/ul>\n<ul>\n<li style=\"list-style: none;\">Email: concejalananapoli@gmail.com<\/li>\n<\/ul>\n<p><img loading=\"lazy\" class=\"alignnone size-medium wp-image-179\" src=\"https:\/\/www.cdcipolletti.gob.ar\/wp-content\/uploads\/2024\/02\/4-martin.png\" alt=\"\" width=\"300\" height=\"199\" \/><\/p>\n<h5><strong> Concejal <\/strong><\/h5>\n<h5>\u00a0\u00a0\u00a0\u00a0 Mart\u00edn Posse<\/h5>\n<ul>\n<li style=\"list-style: none;\">\n<div style=\"text-align: justify;\">&#8220;Soy padre de una hija y dos hijos. Respecto a mi trabajo destaco mi paso por el Correo Argentino. Estudi\u00e9 la tecnicatura Superior en Ni\u00f1ez, Adolescencia y Familia, tambi\u00e9n realic\u00e9 el Ciclo Complementario de la Licenciatura en Trabajo Social. Fui funcionario del Ministerio de Desarrollo Humano. Mi aspiraci\u00f3n es la de saber escuchar y captar las inquietudes de los vecinos y legislar en virtud de ello, para hacer de Cipolletti la ciudad que todos esperamos y so\u00f1amos&#8221;.<\/div>\n<\/li>\n<\/ul>\n<ul>\n<li style=\"list-style: none;\">Email: concejalmposse22@gmail.com<\/li>\n<\/ul>\n<p><img loading=\"lazy\" class=\"alignnone size-medium wp-image-3267\" src=\"https:\/\/www.cdcipolletti.gob.ar\/wp-content\/uploads\/2026\/03\/WhatsApp-Image-2026-03-11-at-12.06.47-300x300.jpeg\" alt=\"\" width=\"300\" height=\"300\" srcset=\"https:\/\/www.cdcipolletti.gob.ar\/wp-content\/uploads\/2026\/03\/WhatsApp-Image-2026-03-11-at-12.06.47-300x300.jpeg 300w, https:\/\/www.cdcipolletti.gob.ar\/wp-content\/uploads\/2026\/03\/WhatsApp-Image-2026-03-11-at-12.06.47-1024x1024.jpeg 1024w, https:\/\/www.cdcipolletti.gob.ar\/wp-content\/uploads\/2026\/03\/WhatsApp-Image-2026-03-11-at-12.06.47-150x150.jpeg 150w, https:\/\/www.cdcipolletti.gob.ar\/wp-content\/uploads\/2026\/03\/WhatsApp-Image-2026-03-11-at-12.06.47-768x768.jpeg 768w, https:\/\/www.cdcipolletti.gob.ar\/wp-content\/uploads\/2026\/03\/WhatsApp-Image-2026-03-11-at-12.06.47.jpeg 1432w\" sizes=\"(max-width: 300px) 100vw, 300px\" \/><\/p>\n<h5><strong> Concejal <\/strong><\/h5>\n<h5>\u00a0 \u00a0 H\u00e9ctor Hern\u00e1n Sepulveda<\/h5>\n<ul>\n<li style=\"list-style: none;\">\n<div style=\"text-align: justify;\">&#8220;Nacido en Cipolletti. Desarroll\u00e9 mi actividad docente durante casi 42 a\u00f1os en el CET 9. He tenido actividad comunitaria, gremial y pol\u00edtica universitaria y partidaria. Tengo la esperanza de que se abran mayores canales de participaci\u00f3n y que sean los j\u00f3venes quienes se comprometan con el futuro de nuestro pa\u00eds. Aspiro que mi ciudad sea segura, justa y permita el crecimiento y desarrollo personal de sus habitantes.&#8221;.<\/div>\n<\/li>\n<\/ul>\n<ul>\n<li style=\"list-style: none;\">Email: concejalhectorsepulveda26@gmail.com<\/li>\n<\/ul>\n<p><img loading=\"lazy\" class=\"alignnone size-medium wp-image-179\" src=\"https:\/\/www.cdcipolletti.gob.ar\/wp-content\/uploads\/2024\/02\/oscar.png\" alt=\"\" width=\"300\" height=\"199\" \/><\/p>\n<h5><strong> Concejal <\/strong><\/h5>\n<h5>\u00a0\u00a0\u00a0\u00a0 Oscar Andr\u00e9s Langowski<\/h5>\n<ul>\n<li style=\"list-style: none;\">\n<div style=\"text-align: justify;\">&#8220;Pap\u00e1 de cuatro mujeres y abuelo de Alfonsina. Me considero emprendedor por sobre todas las cosas. Me encantan los espacios donde se pueda proyectar el crecimiento de las personas y el desarrollo sustentable para transcender desde lo personal y profesional. Me sum\u00e9 a la pol\u00edtica para aportar, para que Cipolletti crezca y sea una ciudad de oportunidades&#8221;.<\/div>\n<\/li>\n<\/ul>\n<ul>\n<li style=\"list-style: none;\">Email: concejaloscarlangowsk@gmail.com<\/li>\n<\/ul>\n<p>&nbsp;<\/p>\n","protected":false},"excerpt":{"rendered":"<p>Presidenta del Concejo Deliberante \u00a0\u00a0\u00a0\u00a0Karina E. \u00c1lvarez &#8220;Cipole\u00f1a, madre de Martina y Francisco. Dediqu\u00e9 gran parte de mi vida al trabajo en el sector privado. Soy presidenta de un Club de F\u00fatbol en el que le brindamos contenci\u00f3n a cientos de chicos. Tom\u00e9 la decisi\u00f3n de comprometerme m\u00e1s con la comunidad de Cipo e involucrarme &hellip; <\/p>\n<p class=\"link-more\"><a href=\"https:\/\/www.cdcipolletti.gob.ar\/?page_id=18\" class=\"more-link\">more<span class=\"screen-reader-text\"> &#8220;Autoridades&#8221;<\/span><\/a><\/p>\n","protected":false},"author":1,"featured_media":0,"parent":0,"menu_order":0,"comment_status":"closed","ping_status":"closed","template":"","meta":[],"_links":{"self":[{"href":"https:\/\/www.cdcipolletti.gob.ar\/index.php?rest_route=\/wp\/v2\/pages\/18"}],"collection":[{"href":"https:\/\/www.cdcipolletti.gob.ar\/index.php?rest_route=\/wp\/v2\/pages"}],"about":[{"href":"https:\/\/www.cdcipolletti.gob.ar\/index.php?rest_route=\/wp\/v2\/types\/page"}],"author":[{"embeddable":true,"href":"https:\/\/www.cdcipolletti.gob.ar\/index.php?rest_route=\/wp\/v2\/users\/1"}],"replies":[{"embeddable":true,"href":"https:\/\/www.cdcipolletti.gob.ar\/index.php?rest_route=%2Fwp%2Fv2%2Fcomments&post=18"}],"version-history":[{"count":29,"href":"https:\/\/www.cdcipolletti.gob.ar\/index.php?rest_route=\/wp\/v2\/pages\/18\/revisions"}],"predecessor-version":[{"id":3268,"href":"https:\/\/www.cdcipolletti.gob.ar\/index.php?rest_route=\/wp\/v2\/pages\/18\/revisions\/3268"}],"wp:attachment":[{"href":"https:\/\/www.cdcipolletti.gob.ar\/index.php?rest_route=%2Fwp%2Fv2%2Fmedia&parent=18"}],"curies":[{"name":"wp","href":"https:\/\/api.w.org\/{rel}","templated":true}]}}

<p><img loading="lazy" class="alignnone size-medium wp-image-177" src="https://www.cdcipolletti.gob.ar/wp-content/uploads/2024/02/1-karina.png" alt="" width="300" height="199" /></p>
<h5><strong> Presidenta del Concejo Deliberante</strong></h5>
<h5>    Karina E. Álvarez</h5>
<ul>
<li style="list-style: none;">
<div style="text-align: justify;">&#8220;Cipoleña, madre de Martina y Francisco. Dediqué gran parte de mi vida al trabajo en el sector privado. Soy presidenta de un Club de Fútbol en el que le brindamos contención a cientos de chicos. Tomé la decisión de comprometerme más con la comunidad de Cipo e involucrarme más activamente con los vecinos porque estoy convencida de que el cambio es desde adentro. Por eso desde mi lugar de Presidenta del Concejo buscaré un mejor futuro para Cipolletti&#8221;.</div>
</li>
</ul>
<ul>
<li style="list-style: none;">Email: presconcejodeliberantecipo@gmail.com</li>
</ul>
<p><img loading="lazy" class="alignnone size-medium wp-image-179" src="https://www.cdcipolletti.gob.ar/wp-content/uploads/2024/02/2-adriana.png" alt="" width="300" height="199" /></p>
<h5><strong> Vicepresidente 1º del Concejo Deliberante</strong></h5>
<h5>    Adriana Dietrich</h5>
<ul>
<li style="list-style: none;">
<div style="text-align: justify;">&#8220;Soy nacida y criada en Cipolletti. Madre de un adolescente. Profesora de Nivel Inicial, Licenciada en Psicomotricidad y Especialista en desarrollo infantil temprano. Dedicada en el ámbito de la salud a trabajar con personas con discapacidad. Tengo a mi cargo la Dirección de Infancias y Adolescencia Saludable , un trabajo que promueve salud. Ser Concejal implica para mí contribuir a un Cipolletti más sano, justo y equitativo&#8221;.</div>
</li>
</ul>
<ul>
<li style="list-style: none;">Email: adrianadietrich@gmail.com</li>
</ul>
<p><img loading="lazy" class="alignnone size-medium wp-image-179" src="https://www.cdcipolletti.gob.ar/wp-content/uploads/2024/02/3-anamaria.png" alt="" width="300" height="199" /></p>
<h5><strong> Vicepresidente 2º del Concejo Deliberante</strong></h5>
<h5>    Ana María Nápoli</h5>
<ul>
<li style="list-style: none;">
<div style="text-align: justify;">&#8220;Nacida en Cipolletti, me he desarrollado profesionalmente como Contadora Pública Nacional. Soy casada, con dos hijos y cuatro nietos. Descendiente de inmigrantes que se establecieron en la ciudad como productores frutícolas, actividad con la que estuve relacionada hasta hace poco. Mi objetivo como Concejal es estar en contacto permanente con los vecinos y mejorar la calidad de vida de los cipoleños&#8221;.</div>
</li>
</ul>
<ul>
<li style="list-style: none;">Email: concejalananapoli@gmail.com</li>
</ul>
<p><img loading="lazy" class="alignnone size-medium wp-image-179" src="https://www.cdcipolletti.gob.ar/wp-content/uploads/2024/02/4-martin.png" alt="" width="300" height="199" /></p>
<h5><strong> Concejal </strong></h5>
<h5>     Martín Posse</h5>
<ul>
<li style="list-style: none;">
<div style="text-align: justify;">&#8220;Soy padre de una hija y dos hijos. Respecto a mi trabajo destaco mi paso por el Correo Argentino. Estudié la tecnicatura Superior en Niñez, Adolescencia y Familia, también realicé el Ciclo Complementario de la Licenciatura en Trabajo Social. Fui funcionario del Ministerio de Desarrollo Humano. Mi aspiración es la de saber escuchar y captar las inquietudes de los vecinos y legislar en virtud de ello, para hacer de Cipolletti la ciudad que todos esperamos y soñamos&#8221;.</div>
</li>
</ul>
<ul>
<li style="list-style: none;">Email: concejalmposse22@gmail.com</li>
</ul>
<p><img loading="lazy" class="alignnone size-medium wp-image-3267" src="https://www.cdcipolletti.gob.ar/wp-content/uploads/2026/03/WhatsApp-Image-2026-03-11-at-12.06.47-300x300.jpeg" alt="" width="300" height="300" srcset="https://www.cdcipolletti.gob.ar/wp-content/uploads/2026/03/WhatsApp-Image-2026-03-11-at-12.06.47-300x300.jpeg 300w, https://www.cdcipolletti.gob.ar/wp-content/uploads/2026/03/WhatsApp-Image-2026-03-11-at-12.06.47-1024x1024.jpeg 1024w, https://www.cdcipolletti.gob.ar/wp-content/uploads/2026/03/WhatsApp-Image-2026-03-11-at-12.06.47-150x150.jpeg 150w, https://www.cdcipolletti.gob.ar/wp-content/uploads/2026/03/WhatsApp-Image-2026-03-11-at-12.06.47-768x768.jpeg 768w, https://www.cdcipolletti.gob.ar/wp-content/uploads/2026/03/WhatsApp-Image-2026-03-11-at-12.06.47.jpeg 1432w" sizes="(max-width: 300px) 100vw, 300px" /></p>
<h5><strong> Concejal </strong></h5>
<h5>    Héctor Hernán Sepulveda</h5>
<ul>
<li style="list-style: none;">
<div style="text-align: justify;">&#8220;Nacido en Cipolletti. Desarrollé mi actividad docente durante casi 42 años en el CET 9. He tenido actividad comunitaria, gremial y política universitaria y partidaria. Tengo la esperanza de que se abran mayores canales de participación y que sean los jóvenes quienes se comprometan con el futuro de nuestro país. Aspiro que mi ciudad sea segura, justa y permita el crecimiento y desarrollo personal de sus habitantes.&#8221;.</div>
</li>
</ul>
<ul>
<li style="list-style: none;">Email: concejalhectorsepulveda26@gmail.com</li>
</ul>
<p><img loading="lazy" class="alignnone size-medium wp-image-179" src="https://www.cdcipolletti.gob.ar/wp-content/uploads/2024/02/oscar.png" alt="" width="300" height="199" /></p>
<h5><strong> Concejal </strong></h5>
<h5>     Oscar Andrés Langowski</h5>
<ul>
<li style="list-style: none;">
<div style="text-align: justify;">&#8220;Papá de cuatro mujeres y abuelo de Alfonsina. Me considero emprendedor por sobre todas las cosas. Me encantan los espacios donde se pueda proyectar el crecimiento de las personas y el desarrollo sustentable para transcender desde lo personal y profesional. Me sumé a la política para aportar, para que Cipolletti crezca y sea una ciudad de oportunidades&#8221;.</div>
</li>
</ul>
<ul>
<li style="list-style: none;">Email: concejaloscarlangowsk@gmail.com</li>
</ul>
<p>&nbsp;</p>

<p>Presidenta del Concejo Deliberante     Karina E. Álvarez &#8220;Cipoleña, madre de Martina y Francisco. Dediqué gran parte de mi vida al trabajo en el sector privado. Soy presidenta de un Club de Fútbol en el que le brindamos contención a cientos de chicos. Tomé la decisión de comprometerme más con la comunidad de Cipo e involucrarme &hellip; </p>
<p class="link-more"><a href="https://www.cdcipolletti.gob.ar/?page_id=18" class="more-link">more<span class="screen-reader-text"> &#8220;Autoridades&#8221;</span></a></p>
